se 4
1023102221
What is -4100679 (base 10) in base 3?
-21201100002000
14340431 (base 5) to base 13
54609
5c669 (base 13) to base 4
221210132
What is 101324221 (base 5) in base 2?
1100101111010011100
Convert -23404143 (base 5) to base 16.
-34c6d
224301440 (base 5) to base 11
62a5a7
11011010000110001 (base 2) to base 6
2220545
142341423 (base 5) to base 9
1356881
22113200213 (base 4) to base 11
1596969
Convert 160c (base 14) to base 5.
111212
Convert -50312322 (base 8) to base 11.
-5a82a72
-2233220111 (base 4) to base 3
-1100112210202
Convert -57d8e (base 15) to base 3.
-112012211022
-2101635 (base 9) to base 6
-40023522
What is 39223 (base 12) in base 10?
78075
Convert -1c678 (base 16) to base 10.
-116344
9024 (base 15) to base 14
b121
Convert 45f6c (base 16) to base 8.
1057554
Convert 114630 (base 7) to base 14.
7887
Convert -35351 (base 10) to base 6.
-431355
20614034 (base 7) to base 14
338554
Convert 29671 (base 14) to base 6.
2111535
Convert -a9363 (base 13) to base 3.
-120112201021
-175520 (base 8) to base 15
-140e1
Convert -110010000000101111000 (base 2) to base 5.
-404420101
Convert -81698 (base 11) to base 13.
-423b4
What is 10d74d (base 15) in base 9?
1456101
What is 3c7f14 (base 16) in base 6?
220551020
Convert -150a83 (base 11) to base 6.
-5014313
What is 2383660 (base 10) in base 5?
1102234120
What is 1200022000120 (base 3) in base 15?
12928c
-71d9f (base 16) to base 15
-93290
Convert 100111001110100111 (base 2) to base 7.
1236311
Convert -9b797 (base 13) to base 6.
-10015551
Convert 968dd0 (base 16) to base 9.
20507514
Convert -3210813 (base 10) to base 6.
-152452513
Convert -230234014 (base 5) to base 13.
-29b292
What is -153b (base 12) in base 7?
-10163
Convert 3310131111 (base 4) to base 13.
2909b2
What is 2a22594 (base 11) in base 14?
99008c
Convert 5a0573 (base 14) to base 12.
1043189
212022544 (base 6) to base 3
21000210102201
Convert 3228479 (base 10) to base 3.
20002000122022
Convert 284a78 (base 11) to base 12.
196021
-122667 (base 9) to base 15
-16ea1
What is -850047 (base 9) in base 14?
-d21a8
Convert -b129a (base 13) to base 10.
-316833
Convert 6a428 (base 12) to base 14.
39c08
-19c0259 (base 13) to base 5
-4134332330
Convert -2d91c (base 15) to base 13.
-51cb4
-11231231031 (base 4) to base 12
-602a39
Convert -10000102020221 (base 3) to base 10.
-1602529
What is 936165 (base 14) in base 6?
254324233
What is 11101111101010000110101 (base 2) in base 6?
440152553
What is -38a05 (base 11) in base 8?
-154752
Convert 4927b (base 12) to base 10.
98879
What is -1000101000000100110 (base 2) in base 15?
-58b42
-4046929 (base 12) to base 14
-1855345
-b4930 (base 12) to base 9
-400170
-18e6c (base 15) to base 6
-1422233
What is 242220 (base 12) in base 9?
1080546
-38b2dc (base 14) to base 4
-13130131102
What is 157dc2 (base 14) in base 12?
303106
What is -44141433 (base 6) in base 5?
-314212314
Convert 1764026 (base 8) to base 10.
518166
What is 10211011022 (base 3) in base 16?
125c3
Convert a58411 (base 12) to base 9.
4812284
What is d541 (base 16) in base 11?
38020
What is -1025142 (base 6) in base 15?
-ede5
Convert -52c5c (base 16) to base 4.
-1102301130
-324015 (base 10) to base 3
-121110110120
What is 432578 (base 9) in base 7?
2122433
Convert b167b (base 12) to base 9.
381515
What is -bd97 (base 14) in base 13?
-11c61
Convert 40606612 (base 7) to base 4.
30331123333
Convert -11300220000 (base 4) to base 12.
-609940
What is 362354 (base 7) in base 8?
200243
What is -26246014 (base 7) in base 13?
-65c7c1
1044051 (base 6) to base 9
80304
What is -1011011100110111000 (base 2) in base 4?
-1123212320
What is -4654373 (base 8) in base 12?
-511937
What is -621146 (base 9) in base 2?
-1011001111010001100
-11201132133 (base 4) to base 7
-15210051
Convert 1a78ad4 (base 14) to base 4.
302112312102
411d10 (base 14) to base 9
4114888
525a97 (base 11) to base 6
30020300
-54a56a7 (base 11) to base 3
-200011120102120
What is 5b0d9 (base 14) in base 12?
a889b
376447 (base 8) to base 7
1052003
What is 63624222 (base 7) in base 3?
101011102020110
9dd6 (base 15) to base 2
1000001011011101
Convert -112525256 (base 7) to base 15.
-918a58
Convert 400125 (base 6) to base 5.
1444112
What is -1023041344 (base 5) in base 7?
-24231246
What is -8abc5b (base 14) in base 10?
-4719369
Convert ec39 (base 16) to base 7.
341210
Convert -24b79a (base 12) to base 16.
-92aa6
Convert -11563006 (base 7) to base 4.
-3332010130
What is 11011010100110111101000 (base 2) in base 12?
2495574
What is 243411133 (base 5) in base 14?
22074a
-2001420143 (base 5) to base 11
-2248a25
Convert -444526 (base 13) to base 9.
-3022217
What is 4c316 (base 14) in base 7?
1406526
Convert -36985 (base 10) to base 15.
-ae5a
What is -112110102221 (base 3) in base 16?
-457d8
What is 1912a (base 16) in base 15?
20668
Convert -5544 (base 16) to base 14.
-7d52
-2051130 (base 11) to base 4
-31303100110
4105222 (base 8) to base 14
2030c2
Convert -134030244 (base 6) to base 11.
-15910aa
-52154 (base 14) to base 15
-3d943
1adbb2 (base 14) to base 3
1210202211101
Convert -a33c9a (base 13) to base 2.
-1110100001100001111111
1021201100121 (base 3) to base 4
2212311010
-212a79 (base 12) to base 3
-222120221210
Convert 11216b8 (base 15) to base 10.
12256148
10110000001010101001 (base 2) to base 14
14ad73
What is 2285a (base 13) in base 7?
351336
-433000500 (base 6) to base 3
-112111010020200
What is -12104201 (base 5) in base 2?
-11011100110011011
110111101001111100 (base 2) to base 9
376633
283705 (base 16) to base 13
7137a9
15353110 (base 7) to base 2
101101000001011100011
Convert 1210020001100 (base 3) to base 12.
399376
Convert -1020021010101212 (base 3) to base 8.
-103336766
What is -4723cb (base 13) in base 10?
-1690167
Convert 100011000111011110 (base 2) to base 4.
203013132
Convert 37849a9 (base 11) to base 5.
3140100300
Convert -13b1d8 (base 14) to base 15.
-d7862
Convert -32b409 (base 14) to base 13.
-483613
178251 (base 9) to base 16
1b1a8
What is -31021150 (base 7) in base 13?
-6ca627
-e2e552 (base 16) to base 12
-4b91296
-11100110101001100100 (base 2) to base 13
-271024
What is 149428 (base 11) in base 12?
b23a4
What is 1201031321 (base 4) in base 5?
100220301
1986464 (base 14) to base 9
25787658
200b0a (base 15) to base 14
2b8559
Convert -501733 (base 8) to base 7.
-1254355
Convert a49b6a (base 16) to base 7.
160456664
-5fbae7 (base 16) to base 11
-35a5635
-404230004 (base 5) to base 6
-55000441
Convert -a58604 (base 12) to base 4.
-21330121210
What is 12210210221022 (base 3) in base 9?
5723838
-131221022210 (base 4) to base 15
-a376c8
What is -10310203011 (base 5) in base 16?
-a82fb0
Convert -15543116 (base 7) to base 5.
-341202033
What is -20013103 (base 5) in base 8?
-463136
Convert -513047 (base 11) to base 12.
-338998
Convert 665b5b (base 13) to base 15.
329a2e
What is -200114 (base 7) in base 3?
-1201012012
110503344 (base 6) to base 5
1002433331
What is -4325623 (base 9) in base 7?
-25502250
-31313013130 (base 4) to base 14
-6a82cc
-27b53 (base 14) to base 10
-98269
What is 2023541 (base 6) in base 5?
11044012
Convert 1131133302 (base 5) to base 15.
365202
What is 1227525 (base 9) in base 8?
2431040
Convert -500156 (base 9) to base 16.
-481d1
What is 4a84ba (base 13) in base 9?
3326265
Convert 22324542 (base 6) to base 16.
a60ee
-11000001100111111100 (base 2) to base 13
-219ca6
What is 2b5da (base 15) in base 3?
21002122021
10110011001000101 (base 2) to base 4
112121011
What is 11202752 (base 8) in base 5?
1110120341
1555586 (base 10) to base 6
53201442
-1201102211 (base 3) to base 4
-20100331
-133110300 (base 4) to base 16
-1f530
What is -2bb6b2 (base 12) in base 9?
-1355888
-411235210 (base 6) to base 15
-9487d9
1256404 (base 8) to base 7
2662521
Convert 100152525 (base 6) to base 15.
23711b
Convert 10011100010101010010 (base 2) to base 13.
1955ca
-7d48aa (base 16) to base 3
-120110010211101
63366 (base 10) to base 7
352512
What is 1130322132 (base 4) in base 2?
1011100111010011110
Convert -264923 (base 10) to base 14.
-6c791
Convert 2d3d4 (base 16) to base 10.
185300
23c31c (base 16) to base 2
1000111100001100011100
Convert 111001010011111101 (base 2) to base 9.
387012
What is 1011110010000110111 (base 2) in base 8?
1362067
What is -2405273 (base 11) in base 2?
-11111111111